the remainder when 3112 is divided by 82.
78
What is the remainder when 3381 is divided by 8?
5
What is the remainder when 5424 is divided by 46?
42
What is the remainder when 101 is divided by 57?
44
Calculate the remainder when 1003 is divided by 197.
18
Calculate the remainder when 650 is divided by 54.
2
Calculate the remainder when 288 is divided by 31.
9
What is the remainder when 350 is divided by 67?
15
Calculate the remainder when 773 is divided by 197.
182
Calculate the remainder when 349 is divided by 14.
13
Calculate the remainder when 613 is divided by 103.
98
Calculate the remainder when 230 is divided by 59.
53
Calculate the remainder when 1657 is divided by 119.
110
Calculate the remainder when 46 is divided by 22.
2
Calculate the remainder when 15533 is divided by 16.
13
Calculate the remainder when 99 is divided by 26.
21
What is the remainder when 14276 is divided by 168?
164
What is the remainder when 192 is divided by 39?
36
Calculate the remainder when 23971 is divided by 26.
25
Calculate the remainder when 573 is divided by 4.
1
Calculate the remainder when 197 is divided by 5.
2
Calculate the remainder when 344 is divided by 56.
8
Calculate the remainder when 342 is divided by 207.
135
Calculate the remainder when 77 is divided by 32.
13
What is the remainder when 1880 is divided by 5?
0
Calculate the remainder when 253 is divided by 51.
49
What is the remainder when 406 is divided by 26?
16
What is the remainder when 45 is divided by 12?
9
Calculate the remainder when 36750 is divided by 16.
14
Calculate the remainder when 2038 is divided by 10.
8
What is the remainder when 257 is divided by 97?
63
What is the remainder when 45 is divided by 11?
1
What is the remainder when 32 is divided by 31?
1
What is the remainder when 305 is divided by 52?
45
Calculate the remainder when 202 is divided by 40.
2
What is the remainder when 556 is divided by 20?
16
What is the remainder when 47 is divided by 14?
5
What is the remainder when 2487 is divided by 83?
80
What is the remainder when 844 is divided by 214?
202
What is the remainder when 120 is divided by 71?
49
What is the remainder when 467 is divided by 94?
91
What is the remainder when 534 is divided by 3?
0
Calculate the remainder when 12247 is divided by 98.
95
Calculate the remainder when 1525 is divided by 179.
93
Calculate the remainder when 343 is divided by 39.
31
What is the remainder when 145 is divided by 49?
47
What is the remainder when 424 is divided by 50?
24
Calculate the remainder when 302 is divided by 36.
14
Calculate the remainder when 47 is divided by 43.
4
Calculate the remainder when 7615 is divided by 68.
67
What is the remainder when 343 is divided by 43?
42
What is the remainder when 184 is divided by 40?
24
What is the remainder when 2005 is divided by 41?
37
What is the remainder when 261 is divided by 66?
63
Calculate the remainder when 4559 is divided by 80.
79
Calculate the remainder when 1197 is divided by 20.
17
Calculate the remainder when 249 is divided by 79.
12
What is the remainder when 2403 is divided by 13?
11
Calculate the remainder when 46749 is divided by 10.
9
What is the remainder when 1141 is divided by 290?
271
What is the remainder when 168 is divided by 126?
42
What is the remainder when 132 is divided by 21?
6
What is the remainder when 37 is divided by 19?
18
What is the remainder when 243 is divided by 138?
105
Calculate the remainder when 321 is divided by 52.
9
Calculate the remainder when 1542 is divided by 130.
112
What is the remainder when 2534 is divided by 134?
122
Calculate the remainder when 6 is divided by 4.
2
What is the remainder when 390 is divided by 7?
5
What is the remainder when 4901 is divided by 170?
141
Calculate the remainder when 1030 is divided by 23.
18
Calculate the remainder when 67 is divided by 10.
7
What is the remainder when 253 is divided by 185?
68
Calculate the remainder when 807 is divided by 118.
99
What is the remainder when 222 is divided by 9?
6
Calculate the remainder when 895 is divided by 31.
27
What is the remainder when 808 is divided by 10?
8
What is the remainder when 140 is divided by 33?
8
What is the remainder when 1889 is divided by 86?
83
What is the remainder when 1582 is divided by 35?
7
What is the remainder when 2838 is divided by 77?
66
Calculate the remainder when 241 is divided by 7.
3
Calculate the remainder when 351 is divided by 26.
13
Calculate the remainder when 309 is divided by 110.
89
Calculate the remainder when 1889 is divided by 209.
8
What is the remainder when 39 is divided by 14?
11
What is the remainder when 312 is divided by 35?
32
What is the remainder when 76 is divided by 1?
0
Calculate the remainder when 698 is divided by 52.
22
What is the remainder when 112 is divided by 38?
36
Calculate the remainder when 1225 is divided by 52.
29
What is the remainder when 471 is divided by 254?
217
What is the remainder when 176 is divided by 88?
0
Calculate the remainder when 426 is divided by 24.
18
What is the remainder when 1221 is divided by 49?
45
What is the remainder when 293 is divided by 147?
146
What is the remainder when 247 is divided by 65?
52
What is the remainder when 203 is divided by 48?
11
What is the remainder when 1208 is divided by 401?
5
Calculate the remainder when 449 is divided by 13.
7
Calculate the remainder when 1447 is divided by 481.
4
Calculate the remainder when 46 is divided by 20.
6
What is the remainder when 14165 is divided by 92?
89
Calculate the remainder when 348 is divided by 32.
28
What is the remainder when 4025 is divided by 183?
182
What is the remainder when 1452 is divided by 206?
10
What is the remainder when 868 is divided by 336?
196
Calculate the remainder when 480 is divided by 37.
36
Calculate the remainder when 511 is divided by 66.
49
Calculate the remainder when 689 is divided by 98.
3
What is the remainder when 88 is divided by 58?
30
What is the remainder when 55 is divided by 2?
1
Calculate the remainder when 4057 is divided by 116.
113
Calculate the remainder when 195 is divided by 67.
61
What is the remainder when 4071 is divided by 4?
3
What is the remainder when 233 is divided by 40?
33
What is the remainder when 470 is divided by 19?
14
Calculate the remainder when 546 is divided by 279.
267
Calculate the remainder when 189 is divided by 37.
4
Calculate the remainder when 930 is divided by 72.
66
What is the remainder when 375 is divided by 18?
15
What is the remainder when 8837 is divided by 7?
3
What is the remainder when 242 is divided by 4?
2
Calculate the remainder when 2629 is divided by 56.
53
Calculate the remainder when 113 is divided by 54.
5
What is the remainder when 849 is divided by 43?
32
Calculate the remainder when 4281 is divided by 119.
116
What is the remainder when 1325 is divided by 3?
2
What is the remainder when 1197 is divided by 12?
9
Calculate the remainder when 177 is divided by 61.
55
Calculate the remainder when 993 is divided by 5.
3
What is the remainder when 142 is divided by 83?
59
Calculate the remainder when 3663 is divided by 282.
279
Calculate the remainder when 1851 is divided by 186.
177
What is the remainder when 155 is divided by 11?
1
Calculate the remainder when 740 is divided by 64.
36
Calculate the remainder when 24 is divided by 10.
4
What is the remainder when 953 is divided by 33?
29
Calculate the remainder when 799 is divided by 40.
39
What is the remainder when 1121 is divided by 109?
31
Calculate the remainder when 678 is divided by 22.
18
What is the remainder when 367 is divided by 153?
61
What is the remainder when 7243 is divided by 207?
205
Calculate the remainder when 403 is divided by 44.
7
What is the remainder when 7356 is divided by 11?
8
Calculate the remainder when 6921 is divided by 161.
159
Calculate the remainder when 1706 is divided by 565.
11
Calculate the remainder when 1250 is divided by 392.
74
What is the remainder when 6081 is divided by 39?
36
What is the remainder when 339 is divided by 89?
72
What is the remainder when 328 is divided by 327?
1
What is the remainder when 159 is divided by 18?
15
Calculate the remainder when 594 is divided by 61.
45
Calculate the remainder when 61 is divided by 5.
1
What is the rem